of 29899?
8
What is the thousands digit of 75125?
5
What is the tens digit of 436?
3
What is the thousands digit of 5824?
5
What is the tens digit of 5903?
0
What is the hundreds digit of 235?
2
What is the tens digit of 3949?
4
What is the hundreds digit of 1158?
1
What is the hundreds digit of 704?
7
What is the tens digit of 45?
4
What is the tens digit of 11823?
2
What is the tens digit of 40796?
9
What is the hundreds digit of 393?
3
What is the tens digit of 1820?
2
What is the tens digit of 18721?
2
What is the units digit of 632?
2
What is the tens digit of 27449?
4
What is the tens digit of 7748?
4
What is the hundreds digit of 632?
6
What is the thousands digit of 18852?
8
What is the tens digit of 482?
8
What is the ten thousands digit of 13307?
1
What is the tens digit of 36348?
4
What is the tens digit of 8489?
8
What is the thousands digit of 5795?
5
What is the units digit of 895?
5
What is the tens digit of 2545?
4
What is the hundreds digit of 51739?
7
What is the units digit of 19389?
9
What is the hundreds digit of 2072?
0
What is the hundreds digit of 1272?
2
What is the units digit of 3393?
3
What is the units digit of 2887?
7
What is the hundreds digit of 317?
3
What is the units digit of 844?
4
What is the units digit of 1005?
5
What is the ten thousands digit of 64903?
6
What is the hundreds digit of 6248?
2
What is the hundreds digit of 29268?
2
What is the hundreds digit of 84177?
1
What is the units digit of 1115?
5
What is the hundreds digit of 172685?
6
What is the ten thousands digit of 89148?
8
What is the hundreds digit of 3513?
5
What is the hundreds digit of 22815?
8
What is the thousands digit of 79771?
9
What is the ten thousands digit of 23753?
2
What is the thousands digit of 1124?
1
What is the ten thousands digit of 21037?
2
What is the thousands digit of 12230?
2
What is the thousands digit of 139296?
9
What is the tens digit of 17427?
2
What is the hundreds digit of 2979?
9
What is the hundreds digit of 12271?
2
What is the tens digit of 8267?
6
What is the thousands digit of 10190?
0
What is the hundreds digit of 72267?
2
What is the tens digit of 2416?
1
What is the thousands digit of 2785?
2
What is the thousands digit of 6338?
6
What is the units digit of 3885?
5
What is the ten thousands digit of 20193?
2
What is the units digit of 8704?
4
What is the thousands digit of 16085?
6
What is the thousands digit of 13819?
3
What is the units digit of 7217?
7
What is the units digit of 45?
5
What is the hundreds digit of 1331?
3
What is the units digit of 39809?
9
What is the ten thousands digit of 44951?
4
What is the units digit of 2723?
3
What is the tens digit of 3074?
7
What is the thousands digit of 2402?
2
What is the hundreds digit of 2700?
7
What is the ten thousands digit of 181549?
8
What is the tens digit of 3831?
3
What is the units digit of 47?
7
What is the units digit of 2162?
2
What is the tens digit of 20452?
5
What is the tens digit of 14406?
0
What is the tens digit of 36777?
7
What is the tens digit of 4519?
1
What is the thousands digit of 1841?
1
What is the thousands digit of 3151?
3
What is the tens digit of 734?
3
What is the thousands digit of 7527?
7
What is the hundreds digit of 2912?
9
What is the hundreds digit of 18632?
6
What is the hundreds digit of 442?
4
What is the tens digit of 1478?
7
What is the hundreds digit of 1642?
6
What is the tens digit of 378?
7
What is the units digit of 5887?
7
What is the tens digit of 5104?
0
What is the units digit of 257?
7
What is the tens digit of 1822?
2
What is the units digit of 134?
4
What is the thousands digit of 19962?
9
What is the units digit of 502?
2
What is the tens digit of 4181?
8
What is the thousands digit of 1194?
1
What is the ten thousands digit of 11651?
1
What is the hundreds digit of 12471?
4
What is the hundreds digit of 818?
8
What is the thousands digit of 5370?
5
What is the tens digit of 212?
1
What is the units digit of 3843?
3
What is the tens digit of 311?
1
What is the ten thousands digit of 47215?
4
What is the hundreds digit of 605?
6
What is the tens digit of 2244?
4
What is the tens digit of 39371?
7
What is the ten thousands digit of 67299?
6
What is the tens digit of 5792?
9
What is the units digit of 553?
3
What is the units digit of 44979?
9
What is the units digit of 2648?
8
What is the hundreds digit of 1341?
3
What is the thousands digit of 5839?
5
What is the tens digit of 7122?
2
What is the units digit of 231?
1
What is the thousands digit of 1045?
1
What is the units digit of 310?
0
What is the hundreds digit of 7826?
8
What is the units digit of 186?
6
What is the tens digit of 397?
9
What is the thousands digit of 9240?
9
What is the hundreds digit of 970?
9
What is the thousands digit of 3376?
3
What is the units digit of 52153?
3
What is the ten thousands digit of 96918?
9
What is the thousands digit of 4278?
4
What is the tens digit of 1966?
6
What is the units digit of 647?
7
What is the tens digit of 10887?
8
What is the thousands digit of 13558?
3
What is the tens digit of 931?
3
What is the ten thousands digit of 12000?
1
What is the thousands digit of 43974?
3
What is the thousands digit of 33909?
3
What is the units digit of 2604?
4
What is the units digit of 441?
1
What is the thousands digit of 6311?
6
What is the hundreds digit of 731?
7
What is the hundreds digit of 19365?
3
What is the tens digit of 5898?
9
What is the tens digit of 14?
1
What is the units digit of 2245?
5
What is the units digit of 43228?
8
What is the tens digit of 15599?
9
What is the units digit of 843?
3
What is the tens digit of 6946?
4
What is the units digit of 562?
2
What is the hundreds digit of 150924?
9
What is the units digit of 2160?
0
What is the hundreds digit of 33772?
7
What is the units digit of 18865?
5
What is the units digit of 531?
1
What is the ten thousands digit of 14148?
1
What is the thousands digit of 11262?
1
What is the units digit of 5650?
0
What is the hundred thousands digit of 130528?
1
What is the thousands digit of 21679?
1
What is the units digit of 979?
9
What is the units digit of 43?
3
What is the units digit of 25202?
2
What is the thousands digit of 3032?
3
What is the ten thousands digit of 10392?
1
What is the units digit of 459?
9
What is the tens digit of 5770?
7
What is the units digit of 35789?
9
What is the units digit of 145971?
1
What is the units digit of 4291?
1
What is the thousands digit of 88101?
8
What is the units digit of 153541?
1
What is the tens digit of 731?
3
What is the units digit of 90797?
7
What is the thousands digit of 23602?
3
What is the units digit of 4928?
8
What is the units digit of 28171?
1
What is the thousands digit of 4976?
4
What is the thousands digit of 21819?
1
What is the tens digit of 148?
4
What is the units digit of 7660?
0
What is the tens digit of 5291?
9
What is the thousands digit of 104143?
4
What is the tens digit of 3763?
6
What is the hundreds digit of 16200?
2
What is the thousands digit of 5689?
5
What is the thousands digit of 19496?
9
What is the units digit of 5375?
5
What is the tens digit of 3247?
4
What is the hundreds digit of 981?
9
What is the thousands digit of 5080?
5
What is the thousands digit of 4317?
4
What is the units digit of 978?
8
What is the thousands digit of 26406?
6
What is the tens digit of 18212?
1
What is the hundreds digit of 1093?
0
What is the hundreds digit of 156620?
6
What is the thousands digit of 1465?
1
What is the thousands digit of 46965?
6
What is the hundreds digit of 1869?
8
What is the tens digit of 192?
9
What is the thousands digit of 4637?
4
What is the hundreds digit of 1277?
2
What is the thousands digit of 2613?
2
What is the thousands digit of 68672?
8
What is the tens digit of 3230?
3
What is the units digit of 9871?
1
What is the hundred thousands digit of 122631?
1
What is the tens digit of 701?
0
What is the tens digit of 35671?
7
What is the tens digit of 127945?
4
What is the hundreds digit of 1951?
9
What is the units digit of 23790?
0
What is the tens digit of 2236?
3
What is the hundreds digit of 264?
2
What is the thousands digit of 1835?
1
What is the thousands digit of 3528?
3
What is the thousands digit of 4308?
4
What is the tens digit of 10